 -10. Suppose n*b = 4*t - 136, 2*b + 32 = 3*t - 70. Calculate the remainder when t is divided by (3/(-24))/(0 + 8/(-448)).
6
Suppose -b - 5*i = -335, -4*i = 3*b + 219 - 1224. Suppose -m = -6*m + b. Let k = -19 - -33. Calculate the remainder when m is divided by k.
11
Let w(m) = 66*m - 595. Calculate the remainder when 201 is divided by w(12).
4
Let i(l) = l + 2. Let f be i(1). Suppose 0 = x - 29 + 27. Suppose -f*v = x*v - 40. Calculate the remainder when v is divided by 5.
3
Let u(i) = -i**2 + 9*i + 53. Let r be u(13). Let x = r - -97. Calculate the remainder when x is divided by 33.
32
Suppose 0*w + 3*w - 909 = -3*o, 5*w + 1185 = 4*o. Let a = o - 252. What is the remainder when 185 is divided by a?
41
Suppose -161*x + 160*x = 5*n - 3788, 3796 = 5*n - 3*x. Calculate the remainder when n is divided by 44.
10
Let p = 6486 + -6009. What is the remainder when p is divided by 5?
2
Suppose j + 335*r = 331*r + 88, 0 = 4*j - 3*r - 219. What is the remainder when 107 is divided by j?
47
Suppose -19 = -5*y + 41. Suppose -8*m + 183 = 111. Calculate the remainder when y is divided by m.
3
Suppose -7 = -h + 86. Let j = 179 + -212. Let u = j + h. Calculate the remainder when u is divided by 16.
12
Suppose -22 + 7 = -3*y. Let m(j) = 119*j - 226. Suppose 0 = -11*l - 8 + 30. What is the remainder when m(l) is divided by y?
2
Let i = 132 - -229. Suppose -150 = -14*k - 416. Let y(c) = -2*c**2 - 38*c + 33. What is the remainder when i is divided by y(k)?
31
Suppose c + 2*l - 28 = 3*l, 5*l = 15. Let a = -213056 + 213116. Calculate the remainder when a is divided by c.
29
Suppose -8*a - 201 = -7*a. Let h = a - -254. Calculate the remainder when h is divided by 33.
20
Suppose 0 = 14*d + 7603 - 9115. What is the remainder when 538 is divided by d?
106
Suppose -2*c + 72 = 4*v + c, 2*v + 4*c = 46. Suppose 3*d = -4*b + 312, 89*b - d = 87*b + 136. What is the remainder when b is divided by v?
12
Let c be (-68 - 9) + 12/2. Let z = 91 + c. What is the remainder when 158 is divided by z?
18
Suppose 4*m = 14*n - n + 38, 2*m + 2 = -4*n. What is the remainder when 4094 is divided by m?
2
Let f be (3 - 6)/(0 - 1) + -1. Suppose 11 = f*j - 5*n - 19, -5*j + n + 29 = 0. Let d = 0 + j. Calculate the remainder when 21 is divided by d.
1
Let m(g) = 9*g - 390. What is the remainder when m(61) is divided by 94?
65
Suppose -3*a = 5*q - 512, 180 = 148*a - 147*a + 3*q. Calculate the remainder when a is divided by 11.
5
Suppose 5*y = 63 - 3. Calculate the remainder when -35*(4/(-48) - 134/120) is divided by y - (-3 - (-2 - 2)).
9
Suppose -4*x - o - 527 = 0, 4*o + 251 = -2*x + o. Calculate the remainder when (-178)/(-7) + 57/x is divided by 15.
10
Let h(z) = 623*z**2 - 9*z + 9. Let w be h(1). Suppose w = 6*s + 467. What is the remainder when 103 is divided by s?
25
Let v = 31 + -14. Let s(r) = -r**3 + 6*r**2 - 4*r + 4. Let y be s(3). Let k = 29 + y. Calculate the remainder when k is divided by v.
14
Let s(c) = 95*c - 2. Let m be 16/12*(4 + 67/2). What is the remainder when s(2) is divided by 1346/m - (-20)/250?
26
Suppose 0 = 15*v - 14*v + 4*n - 379, -5*v - 2*n = -1841. What is the remainder when 1813 is divided by v?
345
Let b = 8 - -1. Let p(w) = 70*w - 10. Let r be p(b). Suppose 5*g + 5*g = r. Calculate the remainder when g is divided by 9.
8
Let c = -6454 + 6499. What is the remainder when 1168 is divided by c?
43
Let m(g) = 58*g**2 + 39*g + 6. What is the remainder when m(-2) is divided by 42?
34
Suppose -29 = 4*l + 2*f + 483, 0 = -3*l - f - 385. Let z = -120 - l. Calculate the remainder when 13 is divided by z.
4
Suppose m - 1 = 5*l - 5, 0 = 5*m - 4*l - 106. What is the remainder when 3/(-2 - 286/(-140)) is divided by m?
18
Let q = -10665 + 10799. What is the remainder when 2553 is divided by q?
7
Calculate the remainder when 49/1*(-164 - -173) is divided by 112.
105
Let o = 10623 - 10450. What is the remainder when 471 is divided by o?
125
Suppose 7*i - 3*l = 11*i - 591, -5*i = l - 725. Suppose 9*q - 721 = -226. Calculate the remainder when i is divided by q.
34
Let f = -83 + 86. Suppose 0 = -3*w - 4*s + 67, f*w - 2*s = -2*w + 77. Let o = -66 - -116. What is the remainder when o is divided by w?
16
Let m(z) = z**2 - 11*z - 424. Calculate the remainder when (-22)/(-2)*(3 - -2) is divided by m(27).
7
Suppose 0 = -3*b + 3*a + 78, -5*b - a + 41 = -59. Let c = 26 - b. Suppose c = r - 10. Calculate the remainder when 89 is divided by r.
14
What is the remainder when -8*(-1)/(44/33) is divided by 3?
0
Let q(z) = -31*z**3 + 0*z**2 + 4*z + 1 + z**2 - 2*z. Suppose 2 = -2*g, -2*y + 84 - 61 = -g. What is the remainder when q(-1) is divided by y?
9
Let u be 4/12*0 - -52. Let y = 75 - u. Calculate the remainder when 6/4*2/(-1) - -92 is divided by y.
20
Suppose 995 = 5*u + 2*w, 3*u + 0*w = -2*w + 601. Let a = u + -174. What is the remainder when 205/3 - (-3)/(-9) is divided by a?
22
Let l(z) = 15*z + 3. Let v be l(-4). Suppose 0 = 3*p - 6, 16*k - 14*k = 3*p + 250. Let h = v + k. What is the remainder when h is divided by 18?
17
Suppose -12*z + 15 = -9. Calculate the remainder when 11 is divided by (z + 4)*(-7)/(-21).
1
Suppose 0 = k - s - 0*s - 336, -4*k + 2*s = -1340. Let y = 368 - k. What is the remainder when 63 is divided by y?
29
Suppose a = -3*l + 1280, a + 0*l = 2*l + 1250. What is the remainder when a is divided by 617?
28
Let k(v) = 65*v + 2461. Calculate the remainder when 122 is divided by k(-36).
1
Suppose 11*n + 24 = 15*n. Let a be (1/(-4))/(n/(-96)). Suppose 4*j + 2*l - 18 = 0, -3*j - 2*l + a = -j. What is the remainder when 12 is divided by j?
5
Let p(r) = r**3 - r**2 + 2*r + 1. Let b(x) = x**3 - 16*x**2 + 23*x + 3. Let z(j) = b(j) + p(j). What is the remainder when z(7) is divided by 20?
12
Suppose 5*j = -x - 1 + 2, 4 = -4*j + 4*x. Suppose -21*z - 9*z = -15*z - 285. Calculate the remainder when z is divided by 22/(4 - 2) + j.
8
What is the remainder when 991 is divided by 57275/174 - 2/12?
4
Let q = -3032 + 3132. What is the remainder when 1597 is divided by q?
97
Let d(p) = 14*p**2 - 2*p + 16. Let q = 497 + -495. Calculate the remainder when 268 is divided by d(q).
64
Let h = -37069 - -37104. Calculate the remainder when ((-20)/6 - -2)*-102 is divided by h.
31
Let h(n) = 50*n + 6114. What is the remainder when h(-77) is divided by 63?
59
Let v be 1220/(-18) + 10/(-45). Let m = v - -55. Let q(n) = -n**2 - 15*n. What is the remainder when 101 is divided by q(m)?
23
Let g = -3807 - -4977. Calculate the remainder when g is divided by 198.
180
Let s be -2 + (-40)/3*-27. Suppose x - s = -x. Let q = x + -96. What is the remainder when q is divided by 21?
20
Let w(o) = 3*o**2 - 5*o + 2. Let u = 63152 + -63147. What is the remainder when w(3) is divided by u?
4
Suppose -2724 = -8*u + 340. Calculate the remainder when 1546 is divided by u.
14
Let o = 26 + -19. Suppose -5*b = 5*q - 30, -2*b + 2 = q - 0. Suppose -126*z = -125*z - q. What is the remainder when z is divided by o?
3
Suppose x - 166 = -2*d - 56, 41 = d + 4*x. Calculate the remainder when d is divided by (-1 - 14)*(-16)/12.
17
Suppose -661 = -346*n + 4875. Calculate the remainder when 663 is divided by n.
7
Suppose 37*v + 5*v - 3612 = 0. Suppose 2*s + v = x, -35*x + 32*x + 260 = -5*s. Let t = -11 - -24. What is the remainder when x is divided by t?
12
Suppose -90*v + 13697 = -71443. Calculate the remainder when v is divided by 10.
6
Suppose 8*d - 12 = 4*d. Suppose -x + 3*l = -47, 0 = -d*l + 4 - 13. Let j = -50842 - -50993. Calculate the remainder when j is divided by x.
37
Suppose -25*m + 202*m = 20125 + 22355. What is the remainder when 928 is divided by m?
208
Let k(i) = 12*i - 11*i + 6*i + 20*i + 43 - i**2. Calculate the remainder when k(26) is divided by 26.
17
Let a = -24877 - -24904. What is the remainder when 1101 is divided by a?
21
Suppose 2 + 3 = i. Suppose 0 = -32*v + 27*v + 60. Suppose 99*f + v = 105*f. What is the remainder when i is divided by f?
1
Suppose -86 = 3*m - 0*m + d, -15 = 3*d. Calculate the remainder when (1*m)/(20/4 + -6) is divided by 4.
3
Let m(w) = -2*w**3 - 7*w**2 + 11*w - 12. Let y be m(-5). Suppose p = 6*p - 175. Let o = p - y. What is the remainder when 105 is divided by o?
24
Let t(j) = 100*j**3 + 18*j - 17. Let d = -20 - -33. Calculate the remainder when t(1) is divided by d.
10
Suppose -4*h -